(s) = s**2 + s - 3. Let d be k(-3). Suppose d*o - 76 = 5. Calculate the highest common divisor of o and 3.
3
Suppose -4*h - 3*x + 39 = -2*x, 0 = 2*h - 4*x - 42. Suppose 0 = 24*d + h*d - 8610. What is the highest common divisor of 6 and d?
6
Let u(o) = o**2 - o + 2. Let y be u(1). Let a be 2/y - 44/(-11). Calculate the highest common factor of a and 5.
5
Suppose 5*q - 177 = -c + 213, 4*c - 328 = -4*q. Calculate the highest common divisor of q and 2149.
7
Let q = -177 + 207. Suppose -121 = -4*y - h + 148, -3*y = -5*h - 173. What is the highest common divisor of y and q?
6
Suppose 49*s - 6637 + 757 = 0. Calculate the highest common factor of 24 and s.
24
Let f be (-1)/6 + 13/6. Let q(d) = 4*d**3 - 3*d**2 + 3*d - 4. Let x be q(f). Let u = -340 - -582. What is the highest common factor of u and x?
22
Suppose 3*w + 3*q = 201, 438*q = 3*w + 442*q - 199. What is the highest common factor of 2599 and w?
23
Let v = -10 - -6. Let r be (v/(-6))/((-2)/(-33)). Let y(j) = 6*j**2 + 299*j + 1611. Let p be y(-6). Calculate the highest common divisor of r and p.
11
Let o(y) = 28*y + 82. Let s be o(15). Let r = 516 - s. Calculate the greatest common factor of r and 1134.
14
Suppose -89310 = -64*n - 94*n - 71*n. Calculate the highest common factor of n and 66.
6
Let u(w) = 44*w**2 - 3*w. Let i be u(-3). Let x(o) = -o**3 - 36*o**2 - 32*o + 120. Let y be x(-35). Calculate the highest common divisor of i and y.
15
Let g(q) = 118*q - 4. Let y be g(3). Let f = -7844 + 7858. Calculate the greatest common factor of f and y.
14
Suppose 0 = -r - 0*r - 5*j - 95, 0 = -3*r + 4*j - 247. Let k = 158 + -19. Let c = k + r. Calculate the highest common factor of c and 9.
9
Suppose 0*t - 4*t = -s, -9*t + 9 = -8*t. Let x(k) = 253*k**2 - 2*k + 1. Let l be x(1). Calculate the highest common factor of s and l.
36
Let c = -10904 - -11984. What is the greatest common divisor of 2430 and c?
270
Suppose 0 = u - 6*j + 5*j, -4*j - 40 = 4*u. Let s(t) = -t**3 - 4*t**2 - 11*t - 10. Let v be s(u). Calculate the highest common factor of 56 and v.
14
Let n = -119 - -132. Let k(q) = q**3 - 15*q**2 + 26*q + 31. Let x be k(n). Calculate the highest common factor of x and 713.
31
Suppose -5*n = -7*n + 8. Suppose n*g = -3*w + 31, 4*g - 5 - 1 = 2*w. What is the greatest common factor of 8 and g?
4
Suppose -2*p = 3*b - 1497, b - 226 = -4*p + 293. Calculate the highest common factor of b and 352.
11
Let n(o) = o**3 - 2*o**2 + 6*o - 21. Let k be ((-34)/4 - -10)/((-3)/(-8)). Let g be n(k). What is the highest common factor of 560 and g?
35
Suppose -16*i + 15*i + 109 = 2*p, 0 = i - 4*p - 115. Calculate the highest common factor of 1221 and i.
111
Let k = -65 - -46. Let u(x) = -2*x**2 - 39*x + 9. Let d be u(k). Suppose d = -z + 2*z. Calculate the greatest common factor of 42 and z.
14
Let z be (-11 - 1)/((-9)/(-48)). Let n be -2 + 1 + (-2496)/z. Calculate the greatest common factor of 57 and n.
19
Let r = 11 + 2. Suppose 126 = -r*w + 19*w. Let b = w + -11. Calculate the greatest common factor of 70 and b.
10
Let d be (3 + 1)*-15*(-370)/296. Suppose d = 3*n - j, -78 = -3*n - j + 3*j. Suppose n*o = 29*o - 650. What is the greatest common factor of 10 and o?
10
Let y(k) = k**3 + 3*k**2 - 10*k + 4. Let z be y(-5). Suppose z*p = -10*p + 714. Calculate the greatest common divisor of 51 and p.
51
Suppose -9029*r + 9086*r - 342 = 0. Calculate the greatest common divisor of r and 7512.
6
Let x be ((-25)/(-3) + -6)*3. Suppose p = -9*d + x*d + 1, 2*p = -2*d + 12. What is the greatest common factor of p and 1386?
11
Suppose -9*a + 6*a = 0. Suppose -2*f + f + 8 = a. Let w be (3 + 72/(-30))/((-15)/(-50)). What is the highest common divisor of w and f?
2
Suppose -2*j = s - 157, -153*s = -5*j - 146*s + 364. Let p be (-7)/((-68)/66 - -1). What is the greatest common factor of j and p?
77
Suppose 47*z = 44*z + 5*o + 125, -3*z + 2*o = -131. Calculate the greatest common factor of z and 1065.
15
Let a(q) = -13*q + 1432. Let w be a(21). Calculate the greatest common factor of 366 and w.
61
Let z(r) = 67*r**2 - r + 2. Let x be z(2). Suppose 963 + 516 = 18*m + 273. Calculate the highest common factor of m and x.
67
Suppose 5*a - j - 1495 = 1383, 2*j = 3*a - 1724. Calculate the greatest common factor of a and 270.
18
Let x = -1576 + 1776. What is the greatest common divisor of x and 104?
8
Let j be 56/9 - 4/18. Suppose -332 = -4*o - 4*h, -2*o - h + 5*h + 148 = 0. Suppose 5*y - 200 = -o. What is the greatest common factor of j and y?
6
Suppose -3*f - f + 14 = 2*t, 10 = -5*t + 5*f. Let q be t/4 - 600/(-32). What is the greatest common factor of q and 380?
19
Let p(a) = -a**2 + 10*a - 16. Let d be p(6). Let q(o) = o**3 - 22*o**2 + 4*o + 472. Let r be q(0). Calculate the highest common divisor of d and r.
8
Let p = -40 + 73. Let y = p - 38. Let x = 16 + y. Calculate the highest common factor of x and 44.
11
Let g = 5602 + -3052. Calculate the highest common divisor of 17 and g.
17
Let s = 144 - 104. Suppose -2*w + s = 2*a, -3*w - 16 = -0*a - a. What is the greatest common factor of 2 and a?
1
Suppose 53*k = 454*k - 11523 - 20557. Calculate the highest common factor of 4820 and k.
20
Let x(i) = -43*i - 5. Let h be x(7). Let q be ((-88)/110)/(h/(-310) - 1). Suppose -q + 6 = -2*o. What is the highest common factor of o and 70?
14
Let l be 12*11/66*(-51)/(-2). Suppose 3*r = -4*w + 896, r + 441 + 660 = 5*w. Calculate the greatest common divisor of l and w.
17
Suppose 20 = -7*b + 34. Let j be (3/b + -3)/((-1)/12). Let t be (-1 - (-14)/18) + 488/9. Calculate the highest common factor of t and j.
18
Let i(c) = -226*c**3 - 6*c**2 - 17*c - 20. Let o be i(-2). Calculate the greatest common divisor of 186 and o.
62
Let g = -36442 + 36474. Suppose 5*b - 1185 + 145 = 0. Calculate the highest common factor of b and g.
16
Let m = 211 + -128. Suppose 0 = -21*h + 295 + m. Let y = 43 + -7. What is the highest common factor of h and y?
18
Let l(r) = 7*r**3 + 150*r**2 - 35*r - 31. Let q be l(-19). What is the greatest common factor of q and 305?
61
Let m be (-4030)/(-9) + 13/(117/2). Let i be m/10 - (-4)/20*1. Let l(q) = q**2 + 3*q + 1. Let v be l(-4). Calculate the highest common divisor of v and i.
5
Let k = -134 - -198. Let c be 0/(8*(-4)/(-32)). Suppose 19*s - 3*s - 128 = c. Calculate the highest common factor of s and k.
8
Suppose -976 = -4*f - 0*f - 4*h, 0 = -4*f + h + 971. Suppose 6*w + f = 15*w. Calculate the highest common factor of w and 216.
27
Suppose 26 - 35 = -3*a. Let x(d) = d**2 + 69*d - 1563. Let m be x(-87). What is the greatest common divisor of a and m?
3
Suppose -115*a = -114*a - 40. Suppose 4*z = -2*w - 2*w + a, -3*z - 2*w = -32. Calculate the highest common divisor of z and 48.
12
Suppose 13354 = 101*m - 2907. Let b be 70/3 - (-3)/(-9). What is the highest common factor of m and b?
23
Suppose -5*y - 15 = 42*i - 37*i, -5*y - 31 = -3*i. What is the greatest common divisor of i and 878?
2
Let c(f) = f + 8. Let a be c(-3). Suppose 0*z + 40 = a*z. Suppose 12*h - z*h - 52 = 0. What is the highest common divisor of h and 26?
13
Let g be -4 + 7 - (-1 + 10). Let x be 80/g*(-4 - 44/(-20)). Let v be (-1)/4 + (-386)/(-8). Calculate the greatest common divisor of x and v.
24
Let z(v) = -9*v + 192. Let r be z(9). Calculate the greatest common divisor of 9879 and r.
111
Let u = 17 - 2. Suppose 3*r + 3*z = 162, r - z - 48 = 16. Suppose 5*q - r + 16 = -3*t, 3*t + 7 = 5*q. What is the greatest common factor of t and u?
3
Let o be -1*(-4856)/56 + (-2)/(-7). Let b(y) = 8*y**2 + 3 - 3*y + 4*y + 2*y. Let j be b(-2). Calculate the highest common divisor of j and o.
29
Let y(o) = o**3 - 68*o**2 - 42*o - 834. Let k be y(69). What is the greatest common factor of k and 63?
21
Let f = 545 - -778. Let d be f/15*(-3 + -7). Let z be 2/6*d/(-7). What is the greatest common divisor of 21 and z?
21
Let y be 22/26 + -1 - 519816/(-4719). What is the greatest common divisor of 594 and y?
22
Suppose -3*b + 2*j = -14555, -4*j - 15972 - 8285 = -5*b. What is the highest common divisor of 633 and b?
211
Let p(k) = 22*k**2 - 9 - 9 + 4*k + 16. Let s be p(1). Suppose 36 = 3*h - 0*h. Calculate the greatest common divisor of s and h.
12
Suppose 0 = 3*c + d - 967, -1283 = 133*c - 137*c + 5*d. What is the greatest common factor of 1150 and c?
46
Suppose 797*c = 756*c + 902. Ca